Let w = -6 - -8. Suppose w = m - 1. What is the highest common factor of m and t?
3
Suppose -2*i + 6 + 10 = 0. Suppose 0 = -5*l - 411 - 44. Let q = -51 - l. What is the highest common divisor of q and i?
8
Let z be 4 - (3 + -1) - -19. Calculate the highest common divisor of z and 189.
21
Suppose 4*k + 164 = 2*k. Let c = k - -46. Let g = 72 + c. What is the highest common factor of g and 9?
9
Let b(z) = 7*z + 24. Let u be b(0). Calculate the highest common factor of u and 40.
8
Let f(y) = y + 7. Let v be f(-5). Suppose 0 = -a + 3*b + 26, 3*a + v*b - 37 - 63 = 0. Let d be (2 + -2)*1 + a. What is the highest common divisor of 4 and d?
4
Let y be -10*(8/4 + -6). Calculate the greatest common divisor of y and 20.
20
Suppose -5*c + c = 24. Let o(m) = m**3 + 6*m**2 - 6*m. Let h be o(c). What is the greatest common factor of 90 and h?
18
Suppose 3*y + 4*q - 105 = 161, -2*q - 362 = -4*y. Let c = y + -36. What is the greatest common factor of c and 36?
18
Let r(o) = 0 + 5 + 3 - 20*o. Let f be r(-6). What is the highest common divisor of f and 16?
16
Let l = -238 + 338. Suppose x - 3*x + l = 0. Let i = -1 + 21. Calculate the highest common divisor of x and i.
10
Suppose 5*c - 8 = 22. Let v(o) = 2*o - 3. Let w be v(c). What is the greatest common divisor of 63 and w?
9
Suppose 0*y - 4 = 5*j + 3*y, -2*j + 3*y = -11. Let v be 16/(-4)*(-22)/8. Calculate the highest common factor of j and v.
1
Let z(d) be the first derivative of d**4/2 + 3*d**2/2 - 3*d + 17. Suppose -3*a = -5*a + 4. Let o be z(a). What is the greatest common factor of o and 19?
19
Let q(z) = 2*z - 7. Let u be q(6). Suppose -3*x - 281 = -u*k, 3*k = k - 2*x + 106. Let b = -29 - -40. Calculate the greatest common factor of b and k.
11
Suppose 2*b = -5*g + 118, -g + 102 = 2*b - 0*g. Suppose -l - 9 = -r, 5*r + l - b = 2*l. Let i = 3 + r. What is the highest common divisor of 52 and i?
13
Let f(u) = 4*u - 30. Let y be f(30). Suppose -3*x = -4*x + 18. What is the greatest common factor of x and y?
18
Suppose 4 = -2*q + 22. Let p be 8/(-12) + 42/q. What is the greatest common divisor of p and 1?
1
Suppose 3 - 14 = -2*k + 3*c, 3*c = 5*k - 41. Calculate the highest common factor of 10 and k.
10
Let w(q) = q**3 - 10*q**2 + 15*q - 14. Let j be w(9). Calculate the highest common divisor of j and 60.
20
Let k(r) = r**3 - 6*r**2 + 5*r + 1. Let z be (-2)/(((-24)/15)/4). Let w be k(z). What is the highest common factor of 7 and w?
1
Suppose 2*v - 6 + 2 = 0. Suppose 4*x - v = 50. Calculate the highest common factor of x and 52.
13
Let l be ((-6)/9)/(5/(-30)). Calculate the highest common divisor of l and 8.
4
Let s be (-24)/(-9) - 2/3. Suppose s*z - 11 - 14 = -5*k, 4*k + z - 17 = 0. Suppose -49 + 169 = k*c. Calculate the highest common factor of 16 and c.
8
Let g(b) = b**3 - 7*b**2 + 15*b. Let x be g(6). Suppose -3*v - l + 7 + 13 = 0, -3*v + 5*l + 8 = 0. What is the highest common factor of v and x?
6
Let m(c) = c**3 - 5*c**2 - 6*c + 1. Let l be m(6). Let r be (2 + -2 + 15)/l. What is the highest common divisor of r and 30?
15
Suppose 5*j - 75 = d, -d - 61 = -2*j - 2*j. Let m = 59 + -8. Let o = m - 16. What is the greatest common divisor of j and o?
7
Let l = -16 - -31. Calculate the greatest common factor of 6 and l.
3
Suppose 4 + 5 = 3*c. Calculate the highest common factor of c and 3.
3
Let y(g) = 3*g**2 + g - 4. Let j(r) = r**3 - 6*r**2 - 7*r - 3. Let o be j(7). Let a be y(o). Let u = 6 - 2. What is the highest common factor of a and u?
4
Suppose 0 = -h + 3 + 4. What is the greatest common divisor of 56 and h?
7
Let q be (-2 - 81 - -2)/((-3)/9). Let a = 371 - 211. Let x be a/6 + (-3)/(-9). Calculate the greatest common divisor of x and q.
27
Suppose 0 = -2*k + 4*b - 44, 2*k + 3*b = 6*k + 63. Let z = 24 + k. What is the highest common divisor of 18 and z?
6
Let d(p) = -p + 14. Let a be d(0). Suppose 0 = -s - 5*h + 15, 0 = 2*s - 5*h - 5 + 20. Suppose s = v - 0*v - 14. What is the greatest common divisor of a and v?
14
Let n(y) = 80*y + 13*y**2 + y**3 + 8 - 64*y + 6. Let i be n(-11). Calculate the greatest common factor of i and 20.
20
Let i = -155 + 330. Calculate the greatest common factor of i and 25.
25
Let m = -97 - -120. What is the greatest common factor of 23 and m?
23
Let r(g) = -g - 21. Let o be r(-11). Let c = o - -37. Calculate the greatest common divisor of c and 18.
9
Let p be (-4)/(-6)*-2*-9. Let r be (2 - -9) + (1 - 0). What is the greatest common factor of p and r?
12
Let m = 106 + -56. Suppose -2*x + x + m = 0. What is the greatest common factor of x and 25?
25
Let t = -56 + 136. What is the highest common factor of t and 10?
10
Let p(z) = -z**3 + 12*z**2 + 16. Let x(s) = -3*s - 6. Let f be x(-6). Let a be p(f). Calculate the greatest common factor of 8 and a.
8
Let w be (-2 - (-17 + 2)) + 2. Let i be (-6)/(-9) - 13/(-3). Suppose -d + f = -11, -14 = -i*f - 39. What is the highest common factor of w and d?
3
Let m = -67 + 117. Let p = 41 + -21. Calculate the greatest common factor of m and p.
10
Let j be (-31)/((-2)/4*2). What is the greatest common factor of 124 and j?
31
Let d(l) be the first derivative of l**3/3 + 5*l**2/2 + l + 9. Let b be d(-6). Calculate the greatest common divisor of 7 and b.
7
Let u = 5 + 0. Suppose u*t - 24 = 4*t. Calculate the greatest common factor of 36 and t.
12
Suppose 2*j - 171 = -j. What is the highest common divisor of 38 and j?
19
Let j = 5 + 11. Calculate the greatest common divisor of 2 and j.
2
Suppose -5 = -4*o + 3*o. Suppose 16 + 44 = o*c. Let y = 27 - 15. What is the highest common divisor of c and y?
12
Suppose 24 = -o + 2*o. Let a = o + -1. Let z = -8 + a. What is the greatest common factor of 60 and z?
15
Let x(i) = i**2 + 6*i + 12. Let a be x(-5). Calculate the highest common divisor of a and 1.
1
Let b be 2/(-6) - (-14)/6. Let t be (-1)/1*b - -16. Let x = t + -8. What is the highest common factor of 2 and x?
2
Let r(v) = -5*v - 6. Let x be r(-6). What is the highest common factor of x and 36?
12
Let n(x) = x**2 + 5*x + 6. Let v be n(-6). Let k(t) = t**3 - 7*t**2 + 4*t - 10. Let r be k(7). What is the greatest common factor of v and r?
6
Suppose -3*y - 2*j + 17 = 0, -y - 2*j - 25 = -4*y. Let g be 3/y - (-46)/7. Calculate the highest common divisor of 1 and g.
1
Let q be 5/(-15) - 4/(-3). Let h be (-2 + (0 - q))*-3. Calculate the greatest common divisor of 3 and h.
3
Let b be -6*(2 + 42/(-9)). Suppose 28 = 3*u - 4*o, 3*u + 0*u - 5*o = 23. What is the highest common factor of b and u?
16
Let z be 2/(-7) + 222/(-7). Let u = -13 - z. Let b = 291 - 120. What is the highest common divisor of u and b?
19
Let l(v) be the third derivative of -2*v**2 - 1/24*v**4 - 1/6*v**3 + 0 + 1/60*v**5 + 0*v. Let x be l(-3). Calculate the highest common factor of x and 33.
11
Suppose -3*h + 10 + 5 = 0. Suppose 10*t = h*t + 20. Suppose -t*f - 3*u = -43, 0*u + 21 = 2*f + u. Calculate the highest common factor of 10 and f.
10
Let n be (1 - -31)/((-2)/(-2)). Suppose -1 = -3*s + 98. Let o = 49 - s. What is the highest common divisor of n and o?
16
Suppose 3*a - 12 - 21 = 0. What is the greatest common divisor of a and 33?
11
Let r be ((-180)/(-48))/((-6)/(-16)). Calculate the greatest common factor of r and 80.
10
Let q(a) = -a**3 + 4*a**2 + 2. Let c be q(4). Calculate the highest common divisor of c and 10.
2
Suppose -w - 4 = 3*o - 6*w, o - 2*w + 3 = 0. Let f(g) = -g**2 + 28. Let b be f(0). What is the greatest common factor of b and o?
7
Let y = 22 + -22. Suppose 2*x = 3*n - 400, 0 = 3*n + x - y*x - 394. What is the greatest common factor of n and 12?
12
Let m be ((-11)/4)/((-3)/24). Let a = m + -11. Let d(j) = j**3 + 11*j**2 - 2*j - 11. Let r be d(-11). What is the highest common divisor of a and r?
11
Suppose 0 = 3*y + 2*y - 2*j - 1110, -4*j = 20. What is the greatest common factor of y and 20?
20
Let u(b) = b**2 - 6*b + 14. Let r be u(10). Calculate the greatest common divisor of r and 36.
18
Suppose 2*o - 7*o + 5 = 0. Let m be o + -2 + 2 + -5. Let x = 6 + m. What is the greatest common factor of 16 and x?
2
Let m(t) = 21*t. Let u be m(4). Calculate the greatest common divisor of u and 12.
12
Let y = 50 + 31. Suppose 3*v + 15 = 4*v. Suppose v = j - 2*d + 5*d, -j = -5*d + 1. What is the greatest common divisor of y and j?
9
Let z(i) = i**3 - 2*i**2 + 2*i + 1. Let d be